ctor of 12754?
False
Is 16 a factor of 1440?
True
Does 169 divide 126971?
False
Is 1449 a multiple of 15?
False
Is 6695 a multiple of 17?
False
Does 8 divide 1616?
True
Is 20535 a multiple of 21?
False
Is 66 a multiple of 3?
True
Does 26 divide 364?
True
Is 15591 a multiple of 14?
False
Is 23 a multiple of 20?
False
Is 360 a multiple of 24?
True
Is 21097 a multiple of 73?
True
Is 759 a multiple of 45?
False
Does 16 divide 363?
False
Is 33 a factor of 4785?
True
Is 58 a factor of 16573?
False
Is 3 a factor of 7965?
True
Is 6 a factor of 713?
False
Is 3 a factor of 3?
True
Does 24 divide 1176?
True
Is 2180 a multiple of 20?
True
Is 16 a factor of 5381?
False
Is 3784 a multiple of 8?
True
Is 23 a factor of 618?
False
Is 10 a factor of 160?
True
Is 5009 a multiple of 50?
False
Does 8 divide 820?
False
Does 21 divide 11596?
False
Does 42 divide 4224?
False
Is 4 a factor of 68?
True
Is 2448 a multiple of 41?
False
Is 66 a factor of 132?
True
Is 12 a factor of 15084?
True
Is 59 a factor of 1180?
True
Is 50 a factor of 1700?
True
Is 267 a multiple of 3?
True
Does 154 divide 7888?
False
Is 8 a factor of 88?
True
Does 7 divide 8064?
True
Does 66 divide 979?
False
Does 8 divide 510?
False
Does 35 divide 5493?
False
Does 5 divide 837?
False
Does 49 divide 11074?
True
Is 10 a factor of 6150?
True
Is 102 a multiple of 3?
True
Is 9450 a multiple of 27?
True
Is 13920 a multiple of 29?
True
Is 23082 a multiple of 20?
False
Is 72720 a multiple of 48?
True
Does 124 divide 12400?
True
Is 41154 a multiple of 156?
False
Does 67 divide 6890?
False
Is 3 a factor of 1534?
False
Is 456 a multiple of 19?
True
Does 9 divide 22347?
True
Does 5 divide 1485?
True
Is 5 a factor of 775?
True
Is 80 a factor of 21108?
False
Is 47 a factor of 19893?
False
Is 8 a factor of 1928?
True
Is 21 a factor of 714?
True
Is 5 a factor of 241?
False
Does 15 divide 1585?
False
Is 1856 a multiple of 29?
True
Is 68 a factor of 748?
True
Is 51 a factor of 700?
False
Does 52 divide 1503?
False
Is 7296 a multiple of 228?
True
Is 4727 a multiple of 10?
False
Is 7 a factor of 63?
True
Is 17 a factor of 571?
False
Does 28 divide 3836?
True
Is 100 a multiple of 5?
True
Does 26 divide 54717?
False
Is 14284 a multiple of 42?
False
Is 40 a factor of 17756?
False
Does 9 divide 8280?
True
Is 201 a multiple of 5?
False
Is 198 a multiple of 39?
False
Is 22510 a multiple of 10?
True
Does 129 divide 12900?
True
Is 48 a factor of 1056?
True
Is 65 a factor of 25737?
False
Does 5 divide 217?
False
Does 30 divide 1431?
False
Does 67 divide 575?
False
Does 16 divide 2290?
False
Is 29 a factor of 899?
True
Is 2105 a multiple of 102?
False
Does 30 divide 41640?
True
Does 20 divide 924?
False
Does 44 divide 21208?
True
Is 40 a factor of 10680?
True
Is 120 a multiple of 8?
True
Is 3186 a multiple of 9?
True
Does 16 divide 28972?
False
Does 3 divide 6141?
True
Is 5 a factor of 1760?
True
Is 3 a factor of 174?
True
Is 157 a factor of 12089?
True
Is 357 a multiple of 16?
False
Is 17 a factor of 73?
False
Does 12 divide 382?
False
Is 104 a multiple of 26?
True
Does 27 divide 64990?
False
Does 4 divide 450?
False
Is 9 a factor of 1689?
False
Is 20540 a multiple of 13?
True
Is 67 a factor of 41643?
False
Does 13 divide 2600?
True
Does 11 divide 20609?
False
Is 4 a factor of 323?
False
Is 60 a factor of 2803?
False
Does 4 divide 8753?
False
Is 7310 a multiple of 86?
True
Does 20 divide 1186?
False
Does 25 divide 2750?
True
Is 13 a factor of 100?
False
Does 45 divide 4905?
True
Does 47 divide 585?
False
Is 35357 a multiple of 153?
False
Does 7 divide 49?
True
Does 10 divide 1310?
True
Is 450 a multiple of 9?
True
Is 1304 a multiple of 9?
False
Is 200 a multiple of 10?
True
Does 61 divide 549?
True
Is 18784 a multiple of 74?
False
Is 15865 a multiple of 95?
True
Is 1786 a multiple of 94?
True
Is 98 a factor of 6076?
True
Does 17 divide 2465?
True
Is 2254 a multiple of 6?
False
Does 168 divide 11358?
False
Is 21 a factor of 2772?
True
Does 4 divide 6?
False
Does 7 divide 61?
False
Is 3 a factor of 730?
False
Is 50910 a multiple of 15?
True
Is 26 a multiple of 5?
False
Is 3 a factor of 1695?
True
Is 707 a multiple of 9?
False
Is 8 a factor of 176?
True
Is 26 a factor of 5174?
True
Is 56 a multiple of 56?
True
Is 29 a factor of 11165?
True
Is 89 a factor of 2263?
False
Is 6 a factor of 162?
True
Does 13 divide 86957?
True
Is 5 a factor of 54563?
False
Does 198 divide 31676?
False
Is 85 a factor of 7905?
True
Is 39 a factor of 507?
True
Is 64 a factor of 59904?
True
Does 5 divide 610?
True
Is 5340 a multiple of 68?
False
Does 5 divide 1895?
True
Is 8 a factor of 4128?
True
Is 13 a factor of 2509?
True
Is 1215 a multiple of 45?
True
Does 63 divide 25200?
True
Is 2 a factor of 60?
True
Does 71 divide 142?
True
Is 1277 even?
False
Is 5 a factor of 881?
False
Is 10 a factor of 13060?
True
Is 3 a factor of 20?
False
Is 22 a factor of 31196?
True
Does 95 divide 41863?
False
Is 194682 a multiple of 104?
False
Is 11 a factor of 7980?
False
Does 69 divide 33517?
False
Is 8189 a multiple of 6?
False
Is 8 a factor of 1078?
False
Is 1276 a multiple of 28?
False
Is 19 a factor of 51555?
False
Is 68 a factor of 748?
True
Does 16 divide 1506?
False
Is 15255 a multiple of 15?
True
Is 57 a factor of 1197?
True
Is 14 a factor of 33670?
True
Is 1170 a multiple of 13?
True
Is 4 a factor of 136?
True
Does 24 divide 79336?
False
Does 149 divide 20748?
False
Is 38411 a multiple of 71?
True
Does 70 divide 18202?
False
Does 173 divide 11505?
False
Is 15 a factor of 8970?
True
Is 1861 a multiple of 9?
False
Does 3 divide 456?
True
Is 486 a multiple of 34?
False
Is 22698 a multiple of 18?
True
Does 15 divide 375?
True
Is 26381 a multiple of 40?
False
Is 32926 a multiple of 10?
False
Does 99 divide 15941?
False
Is 3214 a multiple of 12?
False
Does 5 divide 780?
True
Does 3 divide 459?
True
Is 2664 a multiple of 24?
True
Is 50 a multiple of 2?
True
Is 12 a factor of 854?
False
Is 3719 a multiple of 25?
False
Is 20 a factor of 940?
True
Does 60 divide 390?
False
Does 6 divide 300?
True
Does 4 divide 3556?
True
Does 86 divide 2074?
False
Does 50 divide 93950?
True
Is 21 a factor of 524?
False
Does 42 divide 1428?
True
Is 834 a multiple of 6?
True
Is 31 a factor of 1125?
False
Is 4 a factor of 2982?
False
Is 9 a factor of 51597?
True
Is 4283 a multiple of 22?
False
Is 21 a factor of 190719?
False
Is 137 a factor of 23153?
True
Is 81 a factor of 8511?
False
Is 12194 a multiple of 134?
True
Does 12 divide 16938?
False
Is 25032 a multiple of 21?
True
Is 93 a factor of 4743?
True
Is 16 a factor of 1024?
True
Does 79 divide 138?
False
Is 798 a multiple of 87?
False
Does 7 divide 4165?
True
Is 25 a factor of 28900?
True
Is 80105 a multiple of 19?
False
Is 44 a factor of 668?
False
Is 26 a factor of 7657?
False
Is 127 a factor of 44577?
True
Is 30144 a multiple of 17?
False
Does 24 divide 369?
False
Is 8 a factor of 21949?
False
Is 65 a factor of 2275?
True
Does 24 divide 7824?
True
Is 40 a factor of 360?
True
Is 30 a factor of 5469?
False
Does 8 divide 38966?
False
Does 63 divide 53991?
True
Is 1650 a multiple of 30?
True
Is 8 a factor of 2208?
True
Is 280 a multiple of 28?
True
Does 18 divide 1620?
True
Does 4 divide 7724?
True
Is 106 a factor of 3123?
False
Does 27 divide 5771?
False
Is 26 a factor of 13156?
True
Does 5 divide 60?
True
Is 31 a factor of 11702?
False
Is 40 even?
True
Is 15913 a multiple of 42?
False
Is 5 a factor of 1874?
False
Does 47 divide 320?
False
Does 27 divide 21762?
True
Does 28 divide 1238?
False
Does 28 divide 13104?
True
Is 82841 a multiple of 74?
False
Is 53 a factor of 2443?
False
Is 15 a factor of 1125?
True
Is 4631 a multiple of 8?
False
Is 42 a factor of 33180?
True
Is 5 a factor of 49?
False
Is 180 a multiple of 5?
True
Does 41 divide 11398?
True
Does 5 divide 18?
False
Is 127 a multiple of 4?
False
Does 6 divide 132?
True
Does 9 divide 610?
False
Is 17 a factor of 688?
False
Does 39 divide 1521?
True
Is 15 a factor of 6560?
False
Is 51 a factor of 493?
False
Does 31 divide 4805?
True
Is 550 a multiple of 10?
True
Is 185 a multiple of 37?
True
Is 9916 even?
True
Is 2629 a multiple of 47?
False
Is 9 a factor of 554?
False
Does 9 divide 459?
True
Is 84364 a multiple of 161?
True
Is 15 a factor of 11235?
True
Does 28 divide 18884?